1
Calculate -3 - (6 - (4 + 2)).
-3
Evaluate -2 - (2 + -2) - -3.
1
Evaluate 50 - 45 - (0 - -6 - 0).
-1
Calculate 6 + -3 + 1 + 2 - 2.
4
What is the value of -21 + (8 + 1 - 1) - -6?
-7
What is -2 + (-3 - -2) + 0 - 2?
-5
What is the value of 2 - (-1 - 1 - (-9 - -8))?
3
Calculate -2 + -1 + -27 + 25.
-5
Calculate -6 + 10 + (1 - -3) + -13.
-5
Evaluate -2 + (-1 - -4) + -9 + 4.
-4
Evaluate (19 - 10) + -11 - 1.
-3
Evaluate -4 - (-1 - 2 - -4).
-5
-1 + 3 + -7 - (-5 + 1)
-1
Calculate 3 - (9 + 1) - -4.
-3
-4 + -2 + 2 + (-16 - -9)
-11
What is -10 + (-1 - -12) - 0?
1
Evaluate 14 + -7 + 4 - 9.
2
Evaluate 3 - ((12 - 6) + -8).
5
What is (-20 - 0) + 34 + -22?
-8
Evaluate -5 - 0 - -7 - (-1 - 1).
4
42 - 24 - (5 + 2)
11
Calculate (-3 - -4) + 0 + 2 + 0.
3
Evaluate -1 + -5 - (5 - (-4 - -8)).
-7
What is the value of -7 + (-1 - (5 + 1)) + 4?
-10
What is 3 + 0 + -5 + 4 - 3?
-1
Evaluate -3 - (-5 - -2) - -2 - 5.
-3
What is the value of 6 + -2 - (3 - (0 + -1))?
0
Evaluate -10 + (-2 - -13) - (1 + -1).
1
-7 - -2 - (71 + -68)
-8
Evaluate (-6 - 5) + 3 + -3 + 5.
-6
What is -2 - (1 + -2 - (-19 + 16))?
-4
Calculate (-30 - -18 - -15) + (-3 - -1).
1
Calculate -8 - (3 + -1 + -3).
-7
-2 - ((-3 - 1) + 1 - 2)
3
What is the value of -3 + 2 + (6 + -6 - -4)?
3
Evaluate (-16 + 6 - -6) + 11.
7
What is the value of (0 - -4) + -1 + (0 - -1)?
4
What is the value of 80 + -83 - (-9 - 1)?
7
Calculate 7 - (0 - (-1 - 2)).
4
Evaluate 9 + -4 + (8 - 3).
10
Evaluate (-3 - -5) + (0 - 6) - 2.
-6
Evaluate (16 + -6 - -1) + -14.
-3
Evaluate -8 + (6 - (-7 + 2)).
3
What is -8 + -8 + 9 + 7?
0
(0 - (3 + -5)) + -5 + -2
-5
What is 2 + -1 + -10 + (-19 - -22)?
-6
Evaluate 28 - 26 - (0 - -6).
-4
What is the value of (-2 - 0 - (-18 + 16)) + 6?
6
What is 0 + 3 + -10 + -5 + 3?
-9
Calculate -1 + -4 + 8 - -1.
4
Calculate 0 + 6 - (81 + -77).
2
What is the value of 1 + -2 + (1 + 5 - 6)?
-1
What is -5 - (-1 - (0 + 3))?
-1
What is the value of (16 - 23) + 4 + -1 - 0?
-4
Calculate -24 - -27 - (-1 - -3).
1
13 + -7 + 2 - (4 + 7)
-3
What is 3 - (30 + -32 + 0 + -2)?
7
(-3 - -1) + (-8 - -4)
-6
Calculate 7 + (-1 - 4) + 3 + 2.
7
What is the value of 15 + (-3 + -1 - 4)?
7
What is the value of (-5 - -5 - 1) + -2?
-3
Calculate 1 + (-6 - -3) - 7.
-9
Evaluate -1 + 4 + -8 + -1 + 2.
-4
8 - (-2 + -2 + 9)
3
What is 5 - 0 - (8 + 2 + 0)?
-5
Calculate 6 - (-2 - 3 - -9).
2
What is the value of (-9 - -4) + 5 + (-2 - -2)?
0
What is the value of 13 + (3 + 0 - 10)?
6
Evaluate -5 - ((0 - 5) + -1).
1
What is 6 + (1 - (-5 + (-5 - -13)))?
4
What is the value of 4 - ((-6 - -5) + -1 + 5)?
1
What is -5 + (3 - (6 - 4))?
-4
Calculate 0 + -7 - (2 + -1 + -2).
-6
-2 + 1 - (11 - (25 + -11))
2
What is -6 - (-8 - (-7 - -4))?
-1
Calculate -11 - (9 - 18) - (-6 + 0).
4
Evaluate -5 + (10 - (-2 - -3 - 0)).
4
Evaluate -4 + -4 + 9 - (-2 + 4).
-1
What is the value of 1 - (0 - 10 - -6)?
5
Calculate -11 - (10 - 36) - 7.
8
Calculate 5 + -2 - (7 + -1 + 0).
-3
-2 - (2 - 2 - 4 - -4)
-2
6 + -4 + -6 + -1
-5
Evaluate (-9 - -4) + 0 + 4 - -4.
3
What is (-4 - (-2 - 5)) + 1?
4
Calculate 9 + -9 + (-3 - (2 + 0)).
-5
Evaluate -2 + -2 + (-3 - -6) + 7.
6
Calculate (-7 - (-1 + -2 + -2)) + -4.
-6
Calculate (-11 - -9) + (-4 - (3 - 4)).
-5
Calculate -10 + (8 - -8) - (1 + -1).
6
What is the value of 2 + 4 + -2 + (4 - 4)?
4
What is the value of 0 + (-4 - -4) + 2 - 5?
-3
What is the value of 0 + 1 + 2 + (32 - 30)?
5
What is the value of 37 + -33 + (2 - -1) + -5?
2
What is the value of 7 - 6 - -1 - (1 + -2)?
3
What is the value of -7 + (8 - 0) - -2?
3
Calculate -5 + -4 - (-3 + -1 + 1).
-6
-3 + (6 - (-8 + (-4 - -11)))
4
Evaluate (-7 - (11 + -11)) + 0.
-7
What is the value of -5 + (-1 - (-5 - -2))?
-3
Calculate -2 - ((4 - 13) + 4).
3
-3 + (-5 - -5) + 2
-1
What is (-116 - -121) + 1 + 1 + -11?
-4
-5 + 2 + 0 + -2
-5
What is the value of (0 - 1) + (5 - (4 + 3))?
-3
What is 6 - (0 - (-3 + -1)) - 0?
2
What is the value of (1 - -13) + 0 + -2 + -2?
10
4 + 2 + -3 + -1 + 1
3
What is the value of (5 + -1 - 1) + (257 - 257)?
3
What is (-4 - (2 - (1 - 2))) + 4?
-3
Evaluate (-5 - (-14 - 0)) + (-1 - 0).
8
(14 - (8 - 5 - 0)) + -6
5
What is 4 + 1 - (-44 + 42)?
7
What is the value of 2 - (8 + -5 + -8)?
7
What is -5 - (-1 - 5) - -3?
4
-3 - (3 + (3 - 3 - 6))
0
What is 0 - -2 - (0 - (-1 - 2))?
-1
Calculate 0 + (-2 + (6 - 3) - 2).
-1
2 - (-2 + 8 - -1 - 4)
-1
Evaluate -1 + 2 + -9 - (-4 + 1).
-5
Evaluate 12 + -10 + -4 + -3 + 1.
-4
Calculate (5 - 16) + 6 + (6 - -1).
2
What is the value of -9 - -1 - (-65 - -60)?
-3
-5 - (-13 + 0) - 8
0
What is the value of 5 - (-9 - (-18 - -1))?
-3
Calculate 3 + -4 + -3 + -1 + 2.
-3
What is -2 - (-3 - (10 + -6))?
5
What is 7 + 4 + -8 - 3?
0
Evaluate -4 + 11 + (0 - 7).
0
Calculate 0 + 2 + 0 + -2.
0
Evaluate 8 - (8 + 4) - (2 + -12).
6
What is -1 - (3 - 2) - -2 - -3?
3
What is the value of (1 + -4 - -2) + (3 - 1)?
1
Evaluate 12 + -3 + -5 + -1 - -1.
4
What is the value of -4 + 4 - (0 - -1)?
-1
What is (8 - 9) + 12 + -7?
4
What is the value of -1 + (-3 - -9) + -3?
2
Calculate -4 - (7 - 1 - (13 - 2)).
1
Calculate -63 + 60 - (-3 - (-5 - 3)).
-8
Evaluate (-11 - -18) + -15 - -12.
4
What is the value of 18 + -3 + -6 - 7?
2
-4 + (-2 - 0 - 4 - -10)
0
-5 - (-1 - -2 - 5)
-1
What is the value of 4 - 0 - (3 - (8 + -2))?
7
1 + 0 + 3 + -1
3
2 + (4 - (-3 - -6) - 4)
-1
What is -10 + 8 + -2 + 2 + 2?
0
1 + 3 + -5 - 0
-1
Calculate (-27 - -27) + (-1 - -1).
0
Calculate (1 - 3) + 7 + 3.
8
Evaluate -2 + (-1 - 0) - -3 - 0.
0
What is the value of 7 + -8 + (-1 - -1) + -3?
-4
What is -18 + 5 - (18 - 27)?
-4
Calculate 2 + 0 + -5 + -3.
-6
What is the value of 2 - (1 + 7 + -6)?
0
What is -1 - (7 + 1 + -16)?
7
What is 5 - ((-1 - (-6 - -4)) + 5)?
-1
What is the value of 0 + -1 + 5 + (6 - 9)?
1
-3 + 2 + 1 - 6 - -1
-5
What is 5 + (-12 - (-8 - -6))?
-5
8 + -17 + 6 + 9
6
What is (-7 - (2 - 5)) + 9?
5
What is the value of -8 + (12 - -1) + -1?
4
Evaluate -2 + (13 - 19 - (-1 - -2)).
-9
Calculate 14 + (0 - (0 - -6)).
8
Evaluate (2 - 7) + -4 + 9.
0
Evaluate (-6 + -6 - -9) + (1 - 3).
-5
-5 + -2 + (12 - 6)
-1
What is 0 - -2 - (-6 - -13)?
-5
What is the value of -3 + 2 + 1 + -2 - 2?
-4
Evaluate -11 + (3 - -1) + 4.
-3
What is -10 - -1 - 11 - -13?
-7
Evaluate 5 - (-4 - -12 - 0).
-3
Evaluate 2 + -2 + -1 + 6.
5
Evaluate (-6 + 1 + 3 - -5) + 0.
3
What is (6 - (-1 + -4 - -11)) + -2?
-2
Evaluate (-5 - (-1 + -3)) + 5 + 0.
4
What is the value of 4 + (-3 - 0 - 1)?
0
What is 5 + 4 + -9 + 6 + -3?
3
Evaluate -21 - -17 - (-5 - 1).
2
Evaluate 11 + (3 - 8) - 5.
1
Calculate -3 + (0 - 3 - -2).
-4
What is the value of (-6 - -10) + -2 - (0 - -2)?
0
Evaluate 14 + -5 - (-2 + 6).
5
1 + 4 + (-3 - 2) - 5
-5
(0 - -6) + -11 + 1
-4
What is (6 - -18 - 9) + -1 + -6?
8
Evaluate 3 - (2 + -2 - -3) - 2.
-2
Evaluate -2 + (0 - 2 - (-14 + 14)).
-4
What is the value of (-6 - (-6 - -7)) + -1 + 5?
-3
Calculate 1 + 3 - ((1 - 7) + 0).
10
What is the value of (6 - 10) + 10 + -1 + -5?
0
Evaluate 7 + (-3 - -6 - 8).
2
What is -2 + 0 + (2 - -1) + 5?
6
What is the value of (-7 - -2 - -4) + 2 + -1?
0
Evaluate 1 + 0 + (5 - 5) + 4.
5
Calculate (3 - 4 - 3) + 3.
-1
What is 3 + (-7 - -6) + 0?
2
What is the value of 4 + 0 - (18 - 16) - 2?
0
What is the value of (5 - 7 - 4) + -1?
-7
-16 + 17 + 2 + -6
-3
Evaluate 5 + 2 + -4 + -3.
0
Evaluate 1 - (5 - (-2 - -6)).
0
0 + (1 + -3 - -3) - -3
4
Calculate (-1 - 6 - -8) + 1.
2
What is 0 + 4 + 0 - 4?
0
What is the value of 1 + -4 + (-3 + 2 - -1)?
-3
(-13 - -17 - (0 - 1)) + -10
-5
Evaluate 1 - 13 - (-67 + 57).
-2
14 - (1 + (-10 - -18))
5
Evaluate 4 + (2 - 14) + 11.
3
Evaluate (0 - 4) + (-24 - (3 + -35)).
4
Evaluate -22 + (1 - -3) + 10.
-8
What is -3 + 9 - 2 - (-4 - -5)?
3
Calculate (-4 - -2) + 3 + (-6 - -3).
-2
Evaluate (10 - 2) + (-11 - (17 + -9)).
-11
What is 11 + -5 + -9 - (-7 + -1)?
5
Calculate -3 + (2 - 5 - (-9 - 2)).
5
What is the value of 10 + 1 + 0 + -6?
5
(-7 - 4) + 21 + -15
-5
What is the value of -4 + 8 - (-4 + (2 - -1))?
5
Evaluate -9 + (-10 - (-7 + -11)).
-1
What is the value of 29 + -33 + (-2 - -3) + -2?
-5
-1 + 5 - (-15 - -5 - -10)
4
What is the value of -3 - ((-1 - -3) + -5)?
0
What is the value of 0 + 1 + -4 - (-3 - -5)?
-5
Evaluate -4 + (0 - (1 - 1) - 2).
-6
Evaluate -4 - (-1 + 6 - 4).
-5
Calculate -1 + 6 + (0 - 10) - -3.
-2
Evaluate 5 - (3 - (-4 + 3) - 1).
2
Calculate 2 + -16 - (8 - 18).
-4
Evaluate -5 - ((-9 - -6) + -1).
-1
What is 